(k) = 2*k**3 - 5*k**2 + 4*k - 1. Let l(u) = u + 7. Let j be l(-3). Let d = 7 - j. What are the prime factors of s(d)?
2, 5
Let i = -151 - -238. Let p = i + -59. Suppose 4*q - p = -0*q. What are the prime factors of q?
7
Let f be ((-5)/4)/((-7)/(-28)). Let v(n) = n**2 + 2*n - 4. What are the prime factors of v(f)?
11
Let p(d) = d**3 + 11*d**2 + 15*d - 15. What are the prime factors of p(-7)?
2, 19
Let s(l) = 13*l - 5 + 21*l + 6. List the prime factors of s(1).
5, 7
Suppose 2*i + k = 60 + 273, 3*k = 3. What are the prime factors of i?
2, 83
Let g be (2/3)/((-2)/(-9)). Let q = g - 5. List the prime factors of (-42)/(-24) - q/8.
2
Let g = -1 - -9. List the prime factors of g.
2
Suppose -28*p + 23*p + 230 = 0. What are the prime factors of p?
2, 23
Let d = 0 - -8. Let l be 201/4 - 2/d. Suppose -l = -5*g + 10. What are the prime factors of g?
2, 3
List the prime factors of (-637)/(-13) + (0 - 1).
2, 3
Suppose 0 = -t + 5, -x - 6*t + 2*t + 57 = 0. List the prime factors of x.
37
Let m(q) = -q**2 + 4*q + 1. Let k be m(2). Suppose 2*a + 12 = 3*u - 31, 4*a = k*u - 73. List the prime factors of u.
13
Let r(l) = 7 + l + 0 + 3 + 1. Suppose 4*u = 4*d + 48, -2*u - 11 = 4*d - d. What are the prime factors of r(d)?
2
Suppose 32 = -3*k + k. Let v = -42 - k. Let r = v - -36. What are the prime factors of r?
2, 5
Let r(n) = -n**2 - 12*n - 15. Let h be r(-12). List the prime factors of (-1068)/(-30) + (-6)/h.
2, 3
Let u be (-2)/(21/(-6) - -3). Let m = u + -2. List the prime factors of m.
2
Suppose 0 = -2*u - z + 12, -3*u + 20 = -u - z. List the prime factors of u.
2
Let c = 8 + 22. List the prime factors of c.
2, 3, 5
Let r(a) = 5*a + 2. List the prime factors of r(7).
37
Let n = 14 - 6. Suppose -2 = 3*d - n. Suppose 0 = -4*m + 2*x + 68, 88 - 21 = 5*m + d*x. List the prime factors of m.
3, 5
Let y = -2 - -4. Suppose 0 = -5*s + 4*w - 36, -4*w = s + y*s + 28. Let b = s + 24. What are the prime factors of b?
2
Suppose 2*y - 2*n + 46 = 460, y = -3*n + 207. What are the prime factors of y?
3, 23
Suppose -5*u + 3 + 147 = 0. List the prime factors of u.
2, 3, 5
Let h(s) = -s**2 - 12*s + 7. List the prime factors of h(-9).
2, 17
Suppose 2*d + 0*d = 328. List the prime factors of d.
2, 41
Let l(v) = -5*v. Let j be (-2)/((-4)/14) - 3. Suppose -j*r - 5*f - 1 = 3, -4*r - 3*f = 4. What are the prime factors of l(r)?
5
Let n = -2 - -7. Suppose 2*o - 5*b + 40 = 0, 0*o - n*o = -5*b + 70. What are the prime factors of ((-4)/(-8))/((-1)/o)?
5
Let j(d) = -3*d**3 + d**2. Let q be j(-1). Suppose 0 = 2*w - q, -3*v - 3*w = -v - 58. List the prime factors of v.
2, 13
Let v = 174 + -35. List the prime factors of v.
139
Suppose -11*m + 395 + 56 = 0. List the prime factors of m.
41
Let h be -1 - (-5)/(5/2). Let f be 9 + 0 + 1/h. What are the prime factors of (-12)/30 + 24/f?
2
Suppose 5*z - 30 = -0*z. Suppose -x + 5*n = z, 5*x = 3*n + 5 + 9. What are the prime factors of ((-8)/(-10))/(x/60)?
2, 3
Suppose -k - k + 38 = 0. List the prime factors of k.
19
Let z(w) = w + 51. Let m be z(0). Suppose 195 = 4*j + m. Suppose j = 3*b + b. List the prime factors of b.
3
Let h(y) = -y**3 - 4*y**2 - 3*y + 3. Let a be h(-3). Suppose -33 = -4*i - a*g, 2*i + 2*g = 3*i - 22. List the prime factors of 0/(0 + -3) + i.
2, 3
Let g(c) = 5*c - 13. List the prime factors of g(5).
2, 3
Suppose 2*d - 7*d = -25. Let p(q) = -q - q**2 + d*q + 0*q**2. List the prime factors of p(3).
3
Suppose 2*b = 7*b + 4*w + 6, -3*w - 20 = -4*b. Suppose -i = i + 4*l - 16, b*l - 50 = -4*i. Let q = 2 + i. List the prime factors of q.
2
Let i(r) = r**3 - 7*r**2 + 2*r. Let t be i(7). Let u(c) = c**2 + 7*c - 3. Let l be u(-6). Let b = l + t. What are the prime factors of b?
5
Let l(y) = -3*y - 9. Let d be l(-7). Suppose r - 2*r + 6 = f, -5*r + 5*f = 10. Suppose r*c - d = 6. List the prime factors of c.
3
Suppose 3*y - 517 = -y - z, z + 635 = 5*y. What are the prime factors of y?
2
Let h = -54 + 81. Let s = h - -1. List the prime factors of s.
2, 7
Let j = 72 - 42. Suppose 4*l + 48 = 4*x, -2*x - 5*l + j = 2*x. Let p = x + 1. What are the prime factors of p?
11
Let o be 4 - (-33 - 9/3). Suppose 5*m - 155 = o. List the prime factors of m.
3, 13
Suppose 0 = -3*a + 5 + 7. Suppose 0 = 2*i + a*k, -2*i + 19 + 21 = -4*k. What are the prime factors of i?
2, 5
Let p be (-4)/14 - 116/(-14). Let n be (5/5)/((-2)/p). List the prime factors of (-32)/n*1/4.
2
List the prime factors of 3 + (25 - 3) - 0.
5
Suppose -j + 2*j = 0. Suppose j = -2*w - 2*w + 200. What are the prime factors of w/6 - (-1)/(-3)?
2
Let s be 2/(-4) - (-45)/6. Suppose -3*l = -s - 11. What are the prime factors of l?
2, 3
Let v(w) be the first derivative of w**2/2 - 2*w + 2. Let c be v(6). Suppose -5*p + 7 = -c*f, 4 = -2*p - f + 6*f. List the prime factors of p.
3
Suppose -2*n + 7*n - 535 = 2*b, 4*b + 440 = 4*n. What are the prime factors of n?
3, 5, 7
Suppose 4*q + 18 = 5*j, -2*j + 6 = -2*q - 0*q. Suppose j*a = a - 20. Let k = 1 - a. List the prime factors of k.
5
Suppose 2*z = -z. Suppose z = -3*x + 117 - 12. What are the prime factors of x?
5, 7
Let q = -152 - -105. Let a = -27 - q. Suppose -5*m - a = -10*m. What are the prime factors of m?
2
Let m = 36 - -78. Suppose -m + 10 = -2*a. Suppose -a = -8*p + 4*p. List the prime factors of p.
13
Suppose w = -2*k + 58, 3*k + 43 = w - 0*k. List the prime factors of w.
2, 13
Let v be 18/4 - 9/6. Suppose 0 = -l + 3*y + 5, -l - v*l = -y - 42. What are the prime factors of l?
11
Let l be 0/(-3) - (-3 + 1). Let p(o) = -o + 0*o + l*o - 1. List the prime factors of p(6).
5
Suppose 0 = -r + 4*r - 2*y - 55, 2*r = 2*y + 40. What are the prime factors of r?
3, 5
Let b(s) = s**2 + s + 1. Let u(l) = l**2 - 3*l - 6. Let q(w) = -5*b(w) - u(w). Let d be q(1). Let z = -3 - d. What are the prime factors of z?
2
Suppose -3*p + 2*z + 327 = 0, -2*p - 2*z = z - 205. List the prime factors of p.
107
Let v(r) = 7*r**3 + 4*r**2 - 17*r - 6. Let l(b) = -3*b**3 - 2*b**2 + 8*b + 3. Let d(z) = 5*l(z) + 2*v(z). What are the prime factors of d(-4)?
11
Let c be 14*(-3 - 15/(-6)). Let s be (0 - 0)/(c/(-7)). Let x = 15 - s. What are the prime factors of x?
3, 5
What are the prime factors of 303/12 - (-1)/(-4)?
5
Suppose 4 = -3*m + 214. What are the prime factors of m?
2, 5, 7
Suppose -21 = 8*q - 5*q. Let a = q - -24. List the prime factors of a.
17
Let d(i) = i - 11. Let y be d(5). Let j = y - -17. What are the prime factors of j?
11
Let i(g) = 89*g**3 - g. What are the prime factors of i(1)?
2, 11
Let h(k) = -9*k - 6. Let n be h(-6). Suppose -3*g - g = -n. List the prime factors of g.
2, 3
Suppose 2*p = -7*u + 3*u + 14, -4*p - u = -42. Let s = 29 - 13. Suppose 3*q + b - s = 0, -2*q - b + p = 2. List the prime factors of q.
7
Let s(u) = 5*u + 3. List the prime factors of s(3).
2, 3
Let n = -17 - -17. Suppose n = p - 35 + 10. List the prime factors of p.
5
Suppose -4*q + 44 = -0. Let o = q + -9. What are the prime factors of o?
2
Suppose 0 = 2*d + d - 18. What are the prime factors of (d/(-8))/(2/(-24))?
3
Let b(s) = 3*s**2. Let k be b(1). Suppose -k*o + 48 = o. List the prime factors of o.
2, 3
Let h(o) = o**3 + 5*o**2 - 6. Let l = 0 + -5. Let f be h(l). List the prime factors of 7/(-3)*1*f.
2, 7
Let x(h) = 2*h**2 + 2 - 1 + 9*h - 4 - h**2. Let w be x(-9). What are the prime factors of (182/21)/((-2)/w)?
13
Suppose -2*y + 0*h = -3*h - 27, 5*y + 2*h = 77. Let v be 5*(57/y + -3). What are the prime factors of ((-2)/v)/((-1)/14)?
7
Let q(y) = 8*y**2 - y + 4. List the prime factors of q(2).
2, 17
Let t(q) = -q**2 + 5*q - 5. Let w = 8 - 4. Let s be t(w). What are the prime factors of 3 - (s - -1) - -5?
2
Suppose 5*t = -5*i + 35, -2 = -i + 1. What are the prime factors of 53/3 - t/(-12)?
2, 3
Let s = -510 + 874. What are the prime factors of s?
2, 7, 13
Let k be 3/2*50/15. Suppose -2*o - k*g = 6, -4*o + 0*o + 18 = -5*g. List the prime factors of o.
2
Suppose -51 = -4*a + 93. List the prime factors of a.
2, 3
Let k = 0 + -1. Let s be (k/3)/((-2)/18). Suppose -d + s = -1. What are the prime factors of d?
2
Let p = -68 - -274. What are the prime factors of p?
2, 103
Let x(z) = 2*z - 1. Suppose 0 = -s - 0 + 2. Let a be x(s). Suppose a = l + 1. What are the prime factors of l?
2
Suppose 3*r + 5*t + 12 = 0, 5 = -4*r + 2*t - 5*t. Let x = r - -8. List the prime factors of x.
3
Let c be 